 f*w, -4*w + 2*w + 5*p = -55. Calculate the remainder when w is divided by (0 + 1)/((-2)/(-14)).
6
Suppose 0 = 5*m + 19 + 1. Let o(x) = -4*x - 1. What is the remainder when o(m) is divided by 8?
7
Let f = -9 - -14. Let b = -10 - -12. Suppose -b*n + 2*s + s = -19, -2*n + 5*s = -29. Calculate the remainder when f is divided by n.
1
Let j = -1 - -1. Suppose -4*l = -j*l - 8. Suppose 0 = x - 2 + 1. Calculate the remainder when l is divided by x.
0
Suppose 5*a = p - 46, -5*a - 4*p - 66 = -0*a. Calculate the remainder when 37 is divided by (-4)/(-10) - 126/a.
11
Let l(t) = -t - 1. Suppose -2*m + 4 = 2*m. Let y(x) = -14*x - 2. Let j(b) = m*y(b) - 3*l(b). What is the remainder when 35 is divided by j(-1)?
11
Suppose 39 = i - 17. Let x be (39/2 + -1)*-2. Let o = x + i. Calculate the remainder when o is divided by 10.
9
Let l(x) = 3*x - 25. Let q be l(10). Suppose -9 + 24 = q*o. Calculate the remainder when o is divided by 2.
1
Let f(k) be the second derivative of -4*k**3/3 - k**2/2 + 3*k. Suppose 0 = 3*r + 14 + 1, -2*r = -2*d + 26. Calculate the remainder when f(-2) is divided by d.
7
Let j(g) = 4*g**2 - 6*g + 1. Let r be j(8). Suppose 4*m + 29 = r. Suppose -4*q + q + m = 0. What is the remainder when 28 is divided by q?
13
What is the remainder when 47 is divided by (-165)/(-7) + (-6)/(-14)?
23
Let p = -4 + 0. Let b(k) = -k**3 - 4*k**2 - 3*k + 2. Let o = 18 - 13. Calculate the remainder when b(p) is divided by o.
4
Suppose -5*t - 91 = 2*b - 295, 2*b + 3*t = 212. What is the remainder when b is divided by 38?
36
Suppose 5*b - 34 - 21 = 0. What is the remainder when b is divided by 3?
2
Suppose l = -4*d + 8*d, l = 2*d + 4. Let k = -3 + l. Calculate the remainder when 17 is divided by k.
2
Suppose -n = -6*n - 4*v - 121, 0 = -2*n + 4*v - 26. Calculate the remainder when 51 + (-7)/(n/(-6)) is divided by 13.
10
Let c(a) = a**2 - 7*a + 4. Let q be c(6). Let i = 6 + q. Suppose 0 = 2*n + 4 - 26. Calculate the remainder when n is divided by i.
3
Suppose 11 = u + g, 4*g - 4 = 4*u - 24. Suppose -3*i + u*i - 2*o = 335, 4*i - 268 = 4*o. What is the remainder when i is divided by 23?
21
Let d(f) = -5*f + 1. Calculate the remainder when d(-2) is divided by 4.
3
Suppose -60 = -3*j - j. Suppose -2*g = 3*g - j. Calculate the remainder when g is divided by 1.
0
Let g(w) = w**3 + 6*w**2 - 10*w + 23. What is the remainder when 84 is divided by g(-7)?
40
Suppose -g - g - 2*p + 314 = 0, 5*p = 2*g - 286. Suppose -g - 137 = -5*a. Suppose 15 = -f + a. Calculate the remainder when f is divided by 15.
13
Let j = -1 - -31. Suppose 4*r + 0*q - 50 = 5*q, 5*q = 2*r - j. Calculate the remainder when 38 is divided by r.
8
Suppose g = 4*z + 9, -g + 13 = -3*z + 1. What is the remainder when 94 is divided by g?
10
Let q = -75 - -158. What is the remainder when q is divided by 29?
25
Suppose -5*h - 4*y = -56, -3*h - 2*y - 3*y + 44 = 0. Suppose -h = -x - 5. Calculate the remainder when 9 is divided by x.
0
Let i(h) = -h + 7. Let l be i(3). Suppose l - 26 = -s. What is the remainder when s is divided by 12?
10
Let l be (-2)/(-9) + 168/(-27). Let q = l - -17. Suppose 4 = 2*p - p, 0 = -2*c + 3*p + 52. Calculate the remainder when c is divided by q.
10
Let n = 4 + -4. Suppose n = -0*u + 3*u. Suppose -2*h = u, -9 = -3*l - 4*h + 9. Calculate the remainder when 17 is divided by l.
5
Let u(j) = j**3 + 7*j**2 - 9*j + 6. Suppose 3*l - 5*h - 63 = 0, -4*l = -2*h + h - 101. Calculate the remainder when l is divided by u(-8).
12
Let g(k) = -3*k + 4*k**2 + 1 + 3*k**3 - 3*k**3 + k**3. Calculate the remainder when -1*5*38/(-5) is divided by g(-4).
12
Suppose 11*h + 54 = 14*h. Calculate the remainder when 33 is divided by h.
15
Let c = 4 - -5. Suppose 17 = n - 0. Calculate the remainder when n is divided by c.
8
Let i = -3 - -5. Let l = 0 - -3. Suppose l*b - 3 = 9. What is the remainder when b is divided by i?
0
Let a = 14 + -1. Calculate the remainder when 23 is divided by a.
10
Suppose 0 = -4*i - 0*i + 8. Suppose -y = -8 + i. Let s(w) = 2*w + 3. Calculate the remainder when y is divided by s(0).
0
Suppose 0 = 5*d - 4*v - 21, 0*v - 17 = -4*d + 3*v. Suppose 2 - 117 = -d*u. What is the remainder when 44 is divided by u?
21
Suppose 17*v + 12 = 18*v. Suppose -2*r - 3 + 69 = 0. Suppose 4*k - 5*k = -2*s - r, -s + 176 = 5*k. Calculate the remainder when k is divided by v.
11
Let t be (2 + -3)*-1*3. Suppose 2*m = -t*o + 31, -4*m + 60 - 10 = 2*o. Calculate the remainder when 42 is divided by m.
9
Suppose -15 = -5*d - 0*d. Calculate the remainder when d is divided by (4/12)/((-3)/(-27)).
0
What is the remainder when 54/36 - (-1 - 143/2) is divided by 16?
10
Let h = -14 + 8. Suppose -39 + 4 = -5*i. What is the remainder when (h - -11)*(-1 + 5) is divided by i?
6
Suppose -h = 6*h - 2086. What is the remainder when h is divided by 50?
48
Suppose b - 23 = 5*q, 31 = 2*b - 3*q - 2*q. What is the remainder when b is divided by 7?
1
Let n = -104 - -191. What is the remainder when n is divided by 22?
21
Suppose 4*o = -o + 30. Let k(j) be the second derivative of j**5/20 - j**4/2 + 2*j**3/3 - 4*j**2 + 4*j. Calculate the remainder when k(6) is divided by o.
4
Suppose 12*w - 550 = w. What is the remainder when w is divided by 26?
24
Let v(b) = 6*b**2 + 16*b - 5. Calculate the remainder when v(-7) is divided by 36.
33
Let z(m) = -10*m - 10. Let j be z(-8). Suppose -4*r = -j - 82. What is the remainder when r is divided by 158/8 + (-1)/(-4)?
18
Let c(n) = -18*n - 1. Let l be c(-1). Let h = -10 + l. What is the remainder when 11 is divided by h?
4
Let x(m) be the first derivative of -3*m**2 + m - 2. Let z be x(-1). Suppose 2*v - z = -5. What is the remainder when 3 is divided by v?
0
Suppose 272 = 5*h + 2*p - 225, 0 = 4*p + 16. Suppose 4*j = h - 9. What is the remainder when j is divided by 12?
11
Let n be -2*(-13)/1*-1. Let p = -14 - n. What is the remainder when p*((-4)/(-3))/2 is divided by 5?
3
Let v be 60/(-27) + 6/27. What is the remainder when v + (-90)/((-9)/3) is divided by (8/10)/((-2)/(-25))?
8
Let u(h) = h + 2. Let m be u(-2). Suppose -4*j - 4 + 32 = m. Calculate the remainder when j is divided by 3.
1
What is the remainder when 21/(-63)*(-132)/1 is divided by 12?
8
Let u(k) = -k**2 + 9*k + 11. Calculate the remainder when 75 is divided by u(8).
18
Suppose 0 = -2*s - 0*s + 12. Let l = 6 - s. Suppose -d + 11 = -l*d. What is the remainder when d is divided by 4?
3
Let w(b) = 2*b - 12. What is the remainder when 30 is divided by w(10)?
6
Let h(u) = -u + 6*u**2 + 1 + u**3 + u - 2*u**3 - u. What is the remainder when 56 is divided by h(4)?
27
Let w = -3 + 5. Let u be 70/1 + w + -2. Suppose -l = l - u. Calculate the remainder when l is divided by 18.
17
Let p be 43 + 0/1 + 2. Let b = 6 + 15. What is the remainder when b is divided by p/4 - (-2)/(-8)?
10
Let j(y) = -y**2 - 9*y - 8. Let l be j(-7). Let o(r) = 7*r - 8. Suppose 2*w - 4*w + 36 = 0. What is the remainder when o(l) is divided by w?
16
Let u(t) = -t**2 + 16*t - 8. Calculate the remainder when u(15) is divided by 2.
1
Let o = -28 + 40. What is the remainder when 6/30*(117 + -2) is divided by o?
11
Suppose -2*j + 0*j = 2*u - 48, -96 = -5*j + 3*u. Calculate the remainder when j is divided by 11.
10
Let i = -8 - -16. Suppose -3*q - 151 = -5*h, 2*h + 0*q - 54 = -2*q. Calculate the remainder when h is divided by i.
5
Let i be -5 + 1 + 4 - 4. Suppose -4*a + 91 - 7 = 0. What is the remainder when 364/6 - i/3 is divided by a?
20
Suppose -6*t + 117 = -3*t. Suppose -3*c + t + 9 = 0. What is the remainder when c is divided by 6?
4
Let o be 0*3/6 - -1. Let c be (3 - 3)/(o*3). Suppose 0 = 4*t - 12, 2*t = y - c*t + 2. What is the remainder when 7 is divided by y?
3
Let c = 20 + -5. Calculate the remainder when 29 is divided by c.
14
Let o(c) = -c**3 + 10*c**2 + 12*c - 4. Let s be o(11). Let f = 18 - s. What is the remainder when (-2 - 0) + 20 - -2 is divided by f?
9
Let p = 31 + -11. What is the remainder when 56 is divided by p?
16
Let p = 35 - 0. What is the remainder when 100 is divided by p?
30
Suppose 2*a + 10 = 30. Let i be (a/6 - 2)*-57. Suppose 3*r = -q - 3*q + 12, -2*r = -q - i. What is the remainder when 30 is divided by r?
6
Let d be (-45)/(-20) + (-2)/8. Suppose 25 = d*n + 5. Calculate the remainder when 28 is divided by n.
8
Suppose 0*c + 159 = 3*c. Let y = c - 25.